ulate the greatest common divisor of 21 and r.
7
Let b = 41 - 77. Let c = b + 51. What is the highest common factor of c and 45?
15
Let w = 376 + -236. What is the greatest common factor of 20 and w?
20
Let a be ((-12)/(-18))/(2/(-3)). Let s be 3 - (a + (-2 - -2)). Let t = s + 2. What is the highest common divisor of 48 and t?
6
Let d(i) = -43*i + 1. Let h be d(-1). What is the highest common divisor of 4 and h?
4
Let l be 1/((4/60)/(-1)). Let b = l + 31. What is the greatest common factor of b and 4?
4
Let i = 10 - -23. Calculate the greatest common divisor of 165 and i.
33
Let l(r) = r**3 - 3*r + 2. Let k be l(2). Calculate the greatest common divisor of k and 8.
4
Let j(n) = 8*n - 31. Let p be j(4). Calculate the greatest common divisor of p and 11.
1
Suppose -4*x = t - 30, -50 = -t - 2*t - 2*x. Calculate the highest common divisor of t and 8.
2
Let w be (-836)/(-8) - (-1)/2. Let g = w + -73. Suppose -2*z + g = 5*j, 2*j - 2 + 0 = z. What is the greatest common factor of z and 54?
6
Let n = 35 + -26. Let j be 2/4*142 - -1. Calculate the highest common divisor of j and n.
9
Suppose -2*d - 18 = -2*o, 2*o - 27 = -0*o - d. Calculate the highest common factor of 108 and o.
12
Let x = 26 + 118. What is the highest common factor of x and 16?
16
Let r = 89 + -69. Let n = -132 + 292. Calculate the greatest common factor of n and r.
20
Let o = 0 + 2. Let p be -3 - o/(2/(-17)). What is the highest common factor of p and 28?
14
Suppose -3*y - 2 = -5*y. Let m be y*4/((-4)/(-9)). Suppose -3*x + 5*x - 54 = 0. What is the highest common divisor of x and m?
9
Suppose 0 = 20*x + 10 - 210. Let w = 67 - 42. What is the greatest common divisor of x and w?
5
Suppose 0 = 4*p - 2*l + l - 2888, -2900 = -4*p - 2*l. Let v be p/6 - 2/(-4). Calculate the greatest common factor of 11 and v.
11
Let g(s) = s**2 - 3*s + 12. Let m be g(11). Let r be (-112)/10 - (-2)/10. Let y = 29 - r. Calculate the highest common divisor of y and m.
20
Let c = 6 - 2. Let x be c/(-3)*15/(-10). What is the greatest common factor of x and 2?
2
Suppose -2*l - 4*n = -48, 4*l - 2*n = 60 + 36. Let b(x) = x**2 - 4. Let q be b(4). What is the highest common factor of q and l?
12
Suppose 19 = 3*n - 8. What is the greatest common divisor of n and 81?
9
Suppose 568 - 165 = 3*n + 5*l, -n + l + 137 = 0. Suppose 0 = 3*t - 3*a - 54, 3*t - a = 37 + 15. Calculate the highest common divisor of t and n.
17
Suppose m = -2*x + 16 + 23, 2*x - 5*m - 33 = 0. Suppose 0 = -2*k + 93 + 211. Calculate the greatest common factor of x and k.
19
Let w = -3 + 3. Suppose 0 = -w*o - 4*o + 24. What is the greatest common factor of o and 30?
6
Let i = 1 + 23. Calculate the highest common factor of i and 40.
8
Let y = 52 + -48. Calculate the greatest common divisor of 44 and y.
4
Suppose -2*f + 350 = 3*f. What is the greatest common factor of f and 14?
14
Let s be 2 - 1*(0 + 2). Suppose 6 = -s*t + 3*t. Suppose -4*k + 5*u + 31 = 0, -3*k + 2*u + 3*u = -27. Calculate the greatest common factor of t and k.
2
Let u be (-88)/(-8) + (0 - -1). Calculate the highest common divisor of 8 and u.
4
Let o(l) = l + 12. Let t be (0 + 0)/(2 + 0). Let x be t/((-1)/(3/(-6))). Let p be o(x). Calculate the greatest common divisor of p and 3.
3
Let v(s) = s**3 - 13*s**2 + 7*s + 12. Let l be v(12). Suppose -5*d - 133 - 287 = 0. Let u = l - d. Calculate the greatest common divisor of u and 24.
12
Let x be (-4)/6 + 140/3. Let y be (-1155)/(-10) - (-2)/(-4). Calculate the greatest common divisor of y and x.
23
Let w = 5 + -6. Let c = w + 1. Suppose c = -r + 2*r - 27. Calculate the highest common factor of r and 3.
3
Let s(b) = -b**3 - 9*b**2 + 10*b + 7. Let g be s(-10). Let k = 10 - 3. What is the greatest common factor of g and k?
7
Suppose 3*a = 3*m + 26 + 70, 2*a + m = 73. What is the greatest common factor of a and 14?
7
Let h(g) = -4*g**3 + 2*g**3 + 1 + 2*g**2 + 1 + g. Let j be h(-2). What is the greatest common divisor of j and 6?
6
Let x(h) = h**2 - 7*h + 2. Let d be x(7). Suppose -3*t + t = d*j - 76, 5*t - j = 202. Let a = 15 - 10. What is the highest common divisor of t and a?
5
Suppose 4*y + 3*z - 48 = 0, 2*y + 2*y - 52 = -4*z. Calculate the highest common divisor of y and 99.
9
Let x(v) = v**3 + 5*v**2 + 4. Let r be x(-5). Suppose -4*k = -12, r*u + 0*u + k = 283. Suppose -2*y + 3 = -11. Calculate the greatest common divisor of u and y.
7
Let z = 120 - 54. Suppose -4*j + 24 = -5*i, j + 30 = 6*j + 5*i. What is the greatest common divisor of z and j?
6
Let c be (5/4)/(1/48). What is the highest common factor of 12 and c?
12
Let i(u) = -7*u**3. Let n be i(1). Let z = 14 + n. Let k(g) = -12*g + 8. Let r be k(-4). Calculate the greatest common divisor of z and r.
7
Let b = -219 + 221. Let j(w) be the third derivative of -w**4/24 + w**3/2 - 2*w**2. Let g be j(0). Calculate the highest common factor of g and b.
1
Suppose 2*w = 32 - 12. Suppose -2*l = 0, 4*o - 3*l + 8 = 28. Suppose 0 = -o*x - 2*b + 552, -2*b - 44 = -x + 64. Calculate the highest common factor of w and x.
10
Let w(v) = v**2 - v - 2. Let g be w(-3). Suppose 0*k + 20 = 5*k. Calculate the greatest common factor of g and k.
2
Let v = 520 + -247. Calculate the greatest common factor of v and 39.
39
Let g be 13/((-52)/(-24)) + 46. What is the greatest common factor of 13 and g?
13
Let j be 8*(9/2 - 2). Let l be (18/15)/(2/j). Let b(u) = -u**2 + 9*u - 2. Let s be b(7). What is the highest common factor of l and s?
12
Let n be 1*9 - (-2 - -1). Let x = 4 + -2. Suppose -x*r + n = 0, z + 51 = -2*r + 211. What is the greatest common factor of z and 15?
15
Let y = 13 - 8. Let k be (1*-1)/(y/30). Let c be (-2)/12 - 19/k. Calculate the highest common factor of c and 3.
3
Let l be 2222/44 - 2/4. What is the highest common factor of 10 and l?
10
Let v(k) = -k**2 - 9*k + 1. Let i be v(-4). Let j = i - -23. Suppose n - 16 = j. Calculate the highest common factor of 20 and n.
20
Let z = -6 + 8. Suppose 0 = 2*p - i - 11, -z*i = -1 - 5. Calculate the highest common factor of p and 56.
7
Let c be (22/6)/(1 + 8/(-12)). Suppose 2*r + y - 3 = 0, 0 = 4*r - r + 2*y - 5. Let o be r/2 - (-130)/4. What is the greatest common factor of c and o?
11
Suppose -3*p = 5*q - 874, -5*q + 4*p + 184 = -4*q. What is the highest common factor of 16 and q?
16
Suppose 5*i + z = -2*z - 50, 0 = 5*z + 25. Let x(k) = -22*k. Let c be x(i). Suppose -14 = -3*t + 2*t. What is the greatest common factor of t and c?
14
Suppose 0 = 6*c - 3*c + 21. Let l = 15 + c. Calculate the greatest common factor of 56 and l.
8
Let n be (12/15)/(2/10). Suppose -4*v = n*j - 136, -6*v - 116 = -3*j - 2*v. Suppose x = 3*x - j. Calculate the greatest common factor of x and 126.
18
Suppose 2*q - 76 + 30 = 2*d, 0 = -4*d - 16. Suppose -10*p + 138 = -52. Calculate the highest common factor of p and q.
19
Let k(b) = b**2 - 8*b + 1. Let w be k(8). What is the highest common divisor of 7 and w?
1
Let v(x) = -x**2 - 6*x + 8. Let t be v(-8). Let i = t - -15. Let p = 49 + -28. What is the greatest common factor of p and i?
7
Let z = -42 - -43. Suppose 0 = -5*m - 2 + 37. What is the greatest common factor of z and m?
1
Let a be 0/(-4 + (3 - 1)). Suppose 3*q + 2*i - 631 = -0*i, a = 2*q + 5*i - 439. Suppose 3*f - 9*f + 138 = 0. What is the greatest common factor of q and f?
23
Let k(q) = 12*q - 3. Let v be k(4). Suppose -h + 6*h = v. What is the highest common factor of h and 81?
9
Let j = 100 + -67. Suppose -b = -3*b - 4*g - 96, 0 = -b - 4*g - 52. Let o be (-96)/b + (-6)/j. Calculate the greatest common factor of 16 and o.
2
Suppose 940 = 3*i - i. Suppose -i + 1260 = 5*p. Suppose 0 = 2*z - 18 - p. Calculate the greatest common factor of 11 and z.
11
Let j(a) = a**2 + 4*a + 5. Let r be j(-5). Let m = 2 - -1. Suppose 254 = 5*s - 4*x, m*s + 45 = -3*x + 192. What is the highest common divisor of r and s?
10
Let o(i) = i**2 - i + 2. Let l be o(4). What is the highest common divisor of l and 14?
14
Let o = 7 + -3. Suppose -o*j + 16 = -12. What is the highest common factor of j and 49?
7
Let t = 3 - 1. Suppose 5*l = 2*f + 3*f, -t*f = -l - 3. Suppose 0*b + 582 = 4*b + 2*q, -585 = -4*b - l*q. Calculate the greatest common factor of b and 16.
16
Suppose 2*p - 14 = -s, p - s = -4*p + 49. What is the greatest common factor of p and 99?
9
Let f be 3/6 - 2/4. Let i = 40 + -36. Supp